{"id":204,"date":"2022-01-10T12:30:41","date_gmt":"2022-01-10T12:30:41","guid":{"rendered":"https:\/\/medilar.atakansaracoglu.com\/?page_id=204"},"modified":"2022-12-19T12:06:24","modified_gmt":"2022-12-19T11:06:24","slug":"our-clinic","status":"publish","type":"page","link":"https:\/\/wwwbioxaorphan.hitsolutions.sk\/?page_id=204","title":{"rendered":"<strong>OUR MISSION<\/strong>"},"content":{"rendered":"\t\t<div data-elementor-type=\"wp-page\" data-elementor-id=\"204\" class=\"elementor elementor-204\">\n\t\t\t\t\t\t<section class=\"elementor-section elementor-top-section elementor-element elementor-element-448cc7c elementor-section-height-min-height elementor-section-boxed elementor-section-height-default elementor-section-items-middle\" data-id=\"448cc7c\" data-element_type=\"section\" data-settings=\"{&quot;background_background&quot;:&quot;classic&quot;}\">\n\t\t\t\t\t\t\t<div class=\"elementor-background-overlay\"><\/div>\n\t\t\t\t\t\t\t<div class=\"elementor-container elementor-column-gap-no\">\n\t\t\t\t\t<div class=\"elementor-column elementor-col-100 elementor-top-column elementor-element elementor-element-865c78a\" data-id=\"865c78a\" data-element_type=\"column\">\n\t\t\t<div class=\"elementor-widget-wrap elementor-element-populated\">\n\t\t\t\t\t\t<div class=\"elementor-element elementor-element-486527e elementor-widget elementor-widget-page-title\" data-id=\"486527e\" data-element_type=\"widget\" data-settings=\"{&quot;align&quot;:&quot;center&quot;}\" data-widget_type=\"page-title.default\">\n\t\t\t\t<div class=\"elementor-widget-container\">\n\t\t\t\t\t\n\t\t<div class=\"hfe-page-title hfe-page-title-wrapper elementor-widget-heading\">\n\n\t\t\t\t\t\t\t\t\t\t\t<a href=\"https:\/\/wwwbioxaorphan.hitsolutions.sk\">\n\t\t\t\t\t\t<h1 class=\"elementor-heading-title elementor-size-default\">\n\t\t\t\t\t\t\t\t\n\t\t\t\t<strong>OUR MISSION<\/strong>  \n\t\t\t<\/h1 > \n\t\t\t\t\t\t\t\t\t<\/a>\n\t\t\t\t\t<\/div>\n\t\t\t\t<\/div>\n\t\t\t\t<\/div>\n\t\t\t\t\t<\/div>\n\t\t<\/div>\n\t\t\t\t\t<\/div>\n\t\t<\/section>\n\t\t\t\t<section class=\"elementor-section elementor-top-section elementor-element elementor-element-2c9cd70 elementor-section-boxed elementor-section-height-default elementor-section-height-default\" data-id=\"2c9cd70\" data-element_type=\"section\">\n\t\t\t\t\t\t<div class=\"elementor-container elementor-column-gap-default\">\n\t\t\t\t\t<div class=\"elementor-column elementor-col-100 elementor-top-column elementor-element elementor-element-5d162885\" data-id=\"5d162885\" data-element_type=\"column\">\n\t\t\t<div class=\"elementor-widget-wrap elementor-element-populated\">\n\t\t\t\t\t\t<section class=\"elementor-section elementor-inner-section elementor-element elementor-element-1ce9101 elementor-section-boxed elementor-section-height-default elementor-section-height-default elementor-invisible\" data-id=\"1ce9101\" data-element_type=\"section\" data-settings=\"{&quot;background_background&quot;:&quot;classic&quot;,&quot;animation&quot;:&quot;fadeInUp&quot;}\">\n\t\t\t\t\t\t<div class=\"elementor-container elementor-column-gap-default\">\n\t\t\t\t\t<div class=\"elementor-column elementor-col-100 elementor-inner-column elementor-element elementor-element-203f95e1\" data-id=\"203f95e1\" data-element_type=\"column\">\n\t\t\t<div class=\"elementor-widget-wrap elementor-element-populated\">\n\t\t\t\t\t\t<div class=\"elementor-element elementor-element-759f2e66 elementor-widget elementor-widget-elementskit-heading\" data-id=\"759f2e66\" data-element_type=\"widget\" data-widget_type=\"elementskit-heading.default\">\n\t\t\t\t<div class=\"elementor-widget-container\">\n\t\t\t<div class=\"ekit-wid-con\" ><div class=\"ekit-heading elementskit-section-title-wraper text_center   ekit_heading_tablet-   ekit_heading_mobile-\"><h1 class=\"ekit-heading--title elementskit-section-title \">ORPHAN DRUGS<\/h1>\t\t\t\t<div class='ekit-heading__description'>\n\t\t\t\t\t<p>To deliver orphan drugs to every special patient with rare disease and to help health care professionals target and treat patients.<\/p>\n\t\t\t\t<\/div>\n\t\t\t<\/div><\/div>\t\t<\/div>\n\t\t\t\t<\/div>\n\t\t\t\t\t<\/div>\n\t\t<\/div>\n\t\t\t\t\t<\/div>\n\t\t<\/section>\n\t\t\t\t<section class=\"elementor-section elementor-inner-section elementor-element elementor-element-b618f6f elementor-section-boxed elementor-section-height-default elementor-section-height-default elementor-invisible\" data-id=\"b618f6f\" data-element_type=\"section\" data-settings=\"{&quot;background_background&quot;:&quot;classic&quot;,&quot;animation&quot;:&quot;fadeInUp&quot;}\">\n\t\t\t\t\t\t<div class=\"elementor-container elementor-column-gap-default\">\n\t\t\t\t\t<div class=\"elementor-column elementor-col-100 elementor-inner-column elementor-element elementor-element-46ceb11\" data-id=\"46ceb11\" data-element_type=\"column\">\n\t\t\t<div class=\"elementor-widget-wrap elementor-element-populated\">\n\t\t\t\t\t\t<div class=\"elementor-element elementor-element-2722e87 elementor-widget elementor-widget-elementskit-heading\" data-id=\"2722e87\" data-element_type=\"widget\" data-widget_type=\"elementskit-heading.default\">\n\t\t\t\t<div class=\"elementor-widget-container\">\n\t\t\t<div class=\"ekit-wid-con\" ><div class=\"ekit-heading elementskit-section-title-wraper text_center   ekit_heading_tablet-   ekit_heading_mobile-\"><h1 class=\"ekit-heading--title elementskit-section-title \">MEDICAL DEVICES<\/h1>\t\t\t\t<div class='ekit-heading__description'>\n\t\t\t\t\t<div><span>To provide clinical advantages of modern medical devices to health care professionals and to bring painless and easy solutions for patients.<\/span><\/div>\n\t\t\t\t<\/div>\n\t\t\t<\/div><\/div>\t\t<\/div>\n\t\t\t\t<\/div>\n\t\t\t\t\t<\/div>\n\t\t<\/div>\n\t\t\t\t\t<\/div>\n\t\t<\/section>\n\t\t\t\t<section class=\"elementor-section elementor-inner-section elementor-element elementor-element-bb97bcd elementor-section-boxed elementor-section-height-default elementor-section-height-default elementor-invisible\" data-id=\"bb97bcd\" data-element_type=\"section\" data-settings=\"{&quot;background_background&quot;:&quot;classic&quot;,&quot;animation&quot;:&quot;fadeInUp&quot;}\">\n\t\t\t\t\t\t<div class=\"elementor-container elementor-column-gap-default\">\n\t\t\t\t\t<div class=\"elementor-column elementor-col-100 elementor-inner-column elementor-element elementor-element-c578825\" data-id=\"c578825\" data-element_type=\"column\">\n\t\t\t<div class=\"elementor-widget-wrap elementor-element-populated\">\n\t\t\t\t\t\t<div class=\"elementor-element elementor-element-df8a248 elementor-widget elementor-widget-elementskit-heading\" data-id=\"df8a248\" data-element_type=\"widget\" data-widget_type=\"elementskit-heading.default\">\n\t\t\t\t<div class=\"elementor-widget-container\">\n\t\t\t<div class=\"ekit-wid-con\" ><div class=\"ekit-heading elementskit-section-title-wraper text_center   ekit_heading_tablet-   ekit_heading_mobile-\"><h1 class=\"ekit-heading--title elementskit-section-title \">FOOD SUPPLEMENTS<\/h1>\t\t\t\t<div class='ekit-heading__description'>\n\t\t\t\t\t<p>To satisfy needs of patients with special diseases to help them reach appropriate nutrition level.<\/p>\n\t\t\t\t<\/div>\n\t\t\t<\/div><\/div>\t\t<\/div>\n\t\t\t\t<\/div>\n\t\t\t\t\t<\/div>\n\t\t<\/div>\n\t\t\t\t\t<\/div>\n\t\t<\/section>\n\t\t\t\t\t<\/div>\n\t\t<\/div>\n\t\t\t\t\t<\/div>\n\t\t<\/section>\n\t\t\t\t<\/div>\n\t\t","protected":false},"excerpt":{"rendered":"<p>OUR MISSION ORPHAN DRUGS To deliver orphan drugs to every special patient with rare disease and to help health care professionals target and treat patients. MEDICAL DEVICES To provide clinical advantages of modern medical devices to health care professionals and to bring painless and easy solutions for patients. FOOD SUPPLEMENTS To satisfy needs of patients [&hellip;]<\/p>\n","protected":false},"author":1,"featured_media":0,"parent":0,"menu_order":0,"comment_status":"closed","ping_status":"closed","template":"","meta":{"_monsterinsights_skip_tracking":false,"_monsterinsights_sitenote_active":false,"_monsterinsights_sitenote_note":"","_monsterinsights_sitenote_category":0,"_joinchat":[]},"yoast_head":"<!-- This site is optimized with the Yoast SEO plugin v21.1 - https:\/\/yoast.com\/wordpress\/plugins\/seo\/ -->\n<title>OUR MISSION - BIOXA Therapeutics<\/title>\n<meta name=\"robots\" content=\"index, follow, max-snippet:-1, max-image-preview:large, max-video-preview:-1\" \/>\n<link rel=\"canonical\" href=\"https:\/\/wwwbioxaorphan.hitsolutions.sk\/?page_id=204\" \/>\n<meta property=\"og:locale\" content=\"sk_SK\" \/>\n<meta property=\"og:type\" content=\"article\" \/>\n<meta property=\"og:title\" content=\"OUR MISSION - BIOXA Therapeutics\" \/>\n<meta property=\"og:description\" content=\"OUR MISSION ORPHAN DRUGS To deliver orphan drugs to every special patient with rare disease and to help health care professionals target and treat patients. MEDICAL DEVICES To provide clinical advantages of modern medical devices to health care professionals and to bring painless and easy solutions for patients. FOOD SUPPLEMENTS To satisfy needs of patients [&hellip;]\" \/>\n<meta property=\"og:url\" content=\"https:\/\/wwwbioxaorphan.hitsolutions.sk\/?page_id=204\" \/>\n<meta property=\"og:site_name\" content=\"BIOXA Therapeutics\" \/>\n<meta property=\"article:modified_time\" content=\"2022-12-19T11:06:24+00:00\" \/>\n<meta name=\"twitter:card\" content=\"summary_large_image\" \/>\n<meta name=\"twitter:label1\" content=\"Predpokladan\u00fd \u010das \u010d\u00edtania\" \/>\n\t<meta name=\"twitter:data1\" content=\"1 min\u00fata\" \/>\n<script type=\"application\/ld+json\" class=\"yoast-schema-graph\">{\"@context\":\"https:\/\/schema.org\",\"@graph\":[{\"@type\":\"WebPage\",\"@id\":\"https:\/\/wwwbioxaorphan.hitsolutions.sk\/?page_id=204\",\"url\":\"https:\/\/wwwbioxaorphan.hitsolutions.sk\/?page_id=204\",\"name\":\"OUR MISSION - BIOXA Therapeutics\",\"isPartOf\":{\"@id\":\"https:\/\/wwwbioxaorphan.hitsolutions.sk\/#website\"},\"datePublished\":\"2022-01-10T12:30:41+00:00\",\"dateModified\":\"2022-12-19T11:06:24+00:00\",\"breadcrumb\":{\"@id\":\"https:\/\/wwwbioxaorphan.hitsolutions.sk\/?page_id=204#breadcrumb\"},\"inLanguage\":\"sk-SK\",\"potentialAction\":[{\"@type\":\"ReadAction\",\"target\":[\"https:\/\/wwwbioxaorphan.hitsolutions.sk\/?page_id=204\"]}]},{\"@type\":\"BreadcrumbList\",\"@id\":\"https:\/\/wwwbioxaorphan.hitsolutions.sk\/?page_id=204#breadcrumb\",\"itemListElement\":[{\"@type\":\"ListItem\",\"position\":1,\"name\":\"Home\",\"item\":\"https:\/\/wwwbioxaorphan.hitsolutions.sk\/\"},{\"@type\":\"ListItem\",\"position\":2,\"name\":\"OUR MISSION\"}]},{\"@type\":\"WebSite\",\"@id\":\"https:\/\/wwwbioxaorphan.hitsolutions.sk\/#website\",\"url\":\"https:\/\/wwwbioxaorphan.hitsolutions.sk\/\",\"name\":\"BIOXA Therapeutics\",\"description\":\"Medicine of modern technologies\",\"publisher\":{\"@id\":\"https:\/\/wwwbioxaorphan.hitsolutions.sk\/#organization\"},\"potentialAction\":[{\"@type\":\"SearchAction\",\"target\":{\"@type\":\"EntryPoint\",\"urlTemplate\":\"https:\/\/wwwbioxaorphan.hitsolutions.sk\/?s={search_term_string}\"},\"query-input\":\"required name=search_term_string\"}],\"inLanguage\":\"sk-SK\"},{\"@type\":\"Organization\",\"@id\":\"https:\/\/wwwbioxaorphan.hitsolutions.sk\/#organization\",\"name\":\"BIOXA Therapeutics\",\"url\":\"https:\/\/wwwbioxaorphan.hitsolutions.sk\/\",\"logo\":{\"@type\":\"ImageObject\",\"inLanguage\":\"sk-SK\",\"@id\":\"https:\/\/wwwbioxaorphan.hitsolutions.sk\/#\/schema\/logo\/image\/\",\"url\":\"https:\/\/wwwbioxaorphan.hitsolutions.sk\/wp-content\/uploads\/2022\/12\/logo.svg\",\"contentUrl\":\"https:\/\/wwwbioxaorphan.hitsolutions.sk\/wp-content\/uploads\/2022\/12\/logo.svg\",\"width\":186,\"height\":62,\"caption\":\"BIOXA Therapeutics\"},\"image\":{\"@id\":\"https:\/\/wwwbioxaorphan.hitsolutions.sk\/#\/schema\/logo\/image\/\"}}]}<\/script>\n<!-- \/ Yoast SEO plugin. -->","yoast_head_json":{"title":"OUR MISSION - BIOXA Therapeutics","robots":{"index":"index","follow":"follow","max-snippet":"max-snippet:-1","max-image-preview":"max-image-preview:large","max-video-preview":"max-video-preview:-1"},"canonical":"https:\/\/wwwbioxaorphan.hitsolutions.sk\/?page_id=204","og_locale":"sk_SK","og_type":"article","og_title":"OUR MISSION - BIOXA Therapeutics","og_description":"OUR MISSION ORPHAN DRUGS To deliver orphan drugs to every special patient with rare disease and to help health care professionals target and treat patients. MEDICAL DEVICES To provide clinical advantages of modern medical devices to health care professionals and to bring painless and easy solutions for patients. FOOD SUPPLEMENTS To satisfy needs of patients [&hellip;]","og_url":"https:\/\/wwwbioxaorphan.hitsolutions.sk\/?page_id=204","og_site_name":"BIOXA Therapeutics","article_modified_time":"2022-12-19T11:06:24+00:00","twitter_card":"summary_large_image","twitter_misc":{"Predpokladan\u00fd \u010das \u010d\u00edtania":"1 min\u00fata"},"schema":{"@context":"https:\/\/schema.org","@graph":[{"@type":"WebPage","@id":"https:\/\/wwwbioxaorphan.hitsolutions.sk\/?page_id=204","url":"https:\/\/wwwbioxaorphan.hitsolutions.sk\/?page_id=204","name":"OUR MISSION - BIOXA Therapeutics","isPartOf":{"@id":"https:\/\/wwwbioxaorphan.hitsolutions.sk\/#website"},"datePublished":"2022-01-10T12:30:41+00:00","dateModified":"2022-12-19T11:06:24+00:00","breadcrumb":{"@id":"https:\/\/wwwbioxaorphan.hitsolutions.sk\/?page_id=204#breadcrumb"},"inLanguage":"sk-SK","potentialAction":[{"@type":"ReadAction","target":["https:\/\/wwwbioxaorphan.hitsolutions.sk\/?page_id=204"]}]},{"@type":"BreadcrumbList","@id":"https:\/\/wwwbioxaorphan.hitsolutions.sk\/?page_id=204#breadcrumb","itemListElement":[{"@type":"ListItem","position":1,"name":"Home","item":"https:\/\/wwwbioxaorphan.hitsolutions.sk\/"},{"@type":"ListItem","position":2,"name":"OUR MISSION"}]},{"@type":"WebSite","@id":"https:\/\/wwwbioxaorphan.hitsolutions.sk\/#website","url":"https:\/\/wwwbioxaorphan.hitsolutions.sk\/","name":"BIOXA Therapeutics","description":"Medicine of modern technologies","publisher":{"@id":"https:\/\/wwwbioxaorphan.hitsolutions.sk\/#organization"},"potentialAction":[{"@type":"SearchAction","target":{"@type":"EntryPoint","urlTemplate":"https:\/\/wwwbioxaorphan.hitsolutions.sk\/?s={search_term_string}"},"query-input":"required name=search_term_string"}],"inLanguage":"sk-SK"},{"@type":"Organization","@id":"https:\/\/wwwbioxaorphan.hitsolutions.sk\/#organization","name":"BIOXA Therapeutics","url":"https:\/\/wwwbioxaorphan.hitsolutions.sk\/","logo":{"@type":"ImageObject","inLanguage":"sk-SK","@id":"https:\/\/wwwbioxaorphan.hitsolutions.sk\/#\/schema\/logo\/image\/","url":"https:\/\/wwwbioxaorphan.hitsolutions.sk\/wp-content\/uploads\/2022\/12\/logo.svg","contentUrl":"https:\/\/wwwbioxaorphan.hitsolutions.sk\/wp-content\/uploads\/2022\/12\/logo.svg","width":186,"height":62,"caption":"BIOXA Therapeutics"},"image":{"@id":"https:\/\/wwwbioxaorphan.hitsolutions.sk\/#\/schema\/logo\/image\/"}}]}},"_links":{"self":[{"href":"https:\/\/wwwbioxaorphan.hitsolutions.sk\/index.php?rest_route=\/wp\/v2\/pages\/204"}],"collection":[{"href":"https:\/\/wwwbioxaorphan.hitsolutions.sk\/index.php?rest_route=\/wp\/v2\/pages"}],"about":[{"href":"https:\/\/wwwbioxaorphan.hitsolutions.sk\/index.php?rest_route=\/wp\/v2\/types\/page"}],"author":[{"embeddable":true,"href":"https:\/\/wwwbioxaorphan.hitsolutions.sk\/index.php?rest_route=\/wp\/v2\/users\/1"}],"replies":[{"embeddable":true,"href":"https:\/\/wwwbioxaorphan.hitsolutions.sk\/index.php?rest_route=%2Fwp%2Fv2%2Fcomments&post=204"}],"version-history":[{"count":6,"href":"https:\/\/wwwbioxaorphan.hitsolutions.sk\/index.php?rest_route=\/wp\/v2\/pages\/204\/revisions"}],"predecessor-version":[{"id":1420,"href":"https:\/\/wwwbioxaorphan.hitsolutions.sk\/index.php?rest_route=\/wp\/v2\/pages\/204\/revisions\/1420"}],"wp:attachment":[{"href":"https:\/\/wwwbioxaorphan.hitsolutions.sk\/index.php?rest_route=%2Fwp%2Fv2%2Fmedia&parent=204"}],"curies":[{"name":"wp","href":"https:\/\/api.w.org\/{rel}","templated":true}]}}